{"id":1032,"date":"2013-03-26T17:19:12","date_gmt":"2013-03-26T16:19:12","guid":{"rendered":"http:\/\/orient.scuderiagrischa.ch\/wordpress\/?page_id=1032"},"modified":"2013-03-26T17:19:57","modified_gmt":"2013-03-26T16:19:57","slug":"11-rundmail-an-rallyeteams-2013-neue-homepage-mitglieder-und-fahrzeugverwaltung","status":"publish","type":"page","link":"https:\/\/orient.scuderiagrischa.ch\/wordpress\/?page_id=1032","title":{"rendered":"11. Rundmail an Rallyeteams 2013 \u2013 Neue Homepage, Mitglieder- und Fahrzeugverwaltung"},"content":{"rendered":"<p><a href=\"http:\/\/orient.scuderiagrischa.ch\/wordpress\/wp-content\/uploads\/2012\/12\/allgaeu-orient-logo.jpg\"><img loading=\"lazy\" title=\"allgaeu-orient logo\" alt=\"\" src=\"http:\/\/orient.scuderiagrischa.ch\/wordpress\/wp-content\/uploads\/2012\/12\/allgaeu-orient-logo.jpg\" width=\"700\" height=\"133\" \/><\/a><\/p>\n<h1>Hallo liebe Rallyeteilnehmerinnen und Rallyeteilnehmer,<\/h1>\n<p>seit der Umstellung auf die neue Webseite haben einige Rallye-Teilnehmer Probleme mit Login, Verwaltung der pers\u00f6nlichen Daten und der Fahrzeugdaten.<br \/>\nDeshalb gibt es heute dazu ein Rundmail, der diese Schwierigkeiten aus der Welt schaffen soll.<\/p>\n<h2>1. Login<\/h2>\n<p>Der Button f\u00fcr das Login befindet sich auf der neuen Webseite rechts oben am \u201eSchraubenschl\u00fcssel\u201c. Wenn Ihr dort draufklickt erscheint die Eingabemaske f\u00fcr Benutzername und Passwort.<br \/>\nDarunter befindet sich auch die Funktion f\u00fcr \u201ePasswort vergessen\u201c. D.h. jeder, der mit seiner E-Mail-Adresse im System hinterlegt ist, also z.B. auch die Rundmails erh\u00e4lt, kann sich dar\u00fcber ein neues Passwort zusenden lassen, falls er sich an sein Passwort nicht mehr erinnern kann (was durchaus vorkommen soll).<\/p>\n<h2>2. Pflege seiner pers\u00f6nlichen Stammdaten<\/h2>\n<p>Bisher war es so, dass nur der Teamchef \u00fcber ein Login verf\u00fcgte und die Stammdaten seiner Mitstreiter + Fahrzeugdaten pflegen musste.<br \/>\nIn der neuen Version haben wir das erweitert, da in der alten Version<br \/>\nst\u00e4ndige Anfragen von Mitfahreren kamen, wie sie sich denn einloggen k\u00f6nnen (was ja f\u00fcr \u201eNicht-Chefs\u201c eben einfach nicht ging)<br \/>\ndie Teamchefs zwar \u201eChefs\u201c waren, aber deshalb nicht alle Lust hatten, die Daten der Mitfahrer zu pflegen.<\/p>\n<p>Dazu kommt, dass aus Gr\u00fcnden des Datenschutzes, personenbezogene Daten von der Person selbst angelegt und gepflegt werden m\u00fcssen.<br \/>\nDeshalb erhielten alle Teilnehmer, deren E-Mail-Adresse im System hinterlegt war, ein \u201eEinladungs-E-Mail\u201c \u00fcber das sie nach Best\u00e4tigung eigene Login-Daten erhalten haben, mit denen sie sich einloggen und die eigenen Stammdaten verwalten k\u00f6nnen. Bei \u00fcber 300 Teilnehmern hat das reibungslos funktioniert, wie wir den Logfiles entnehmen konnten.<\/p>\n<h2>3. \u201eEinladen\u201c weiterer Mitglieder ins Team<\/h2>\n<p>Sollte der Teamchef feststellen, dass noch nicht alle Mitfahrer im System hinterlegt sind, kann er die fehlenden Mitglieder durch Angabe der E-Mail-Adresse in sein Team \u201eeinladen\u201c.<br \/>\nDadurch wird das oben erw\u00e4hnte \u201eEinladungs-E-Mail\u201c verschickt, das vom Eingeladenen best\u00e4tigt werden muss. Danach kann sich das \u201eneue\u201c Team-Mitglied selbst einloggen und die Stammdaten vervollst\u00e4ndigen.<\/p>\n<h2>4. Pflege der Fahrzeugdaten<\/h2>\n<p>Die Fahrzeugdaten m\u00fcssen weiterhin vom Teamchef gepflegt werden, daf\u00fcr ist er ja Chef des Teams!<\/p>\n<h2>5. \u201eBef\u00f6rderung\u201c zum Vize-Kaptain<\/h2>\n<p>Alle Team-\u201eChefs\u201c, die keine Zeit oder Lust zur Pflege von Fahrzeugdaten haben, k\u00f6nnen Team-Mitglieder zu \u201eVize-Kaptains\u201c bef\u00f6rdern (oder auch wieder degradieren, wenn sie sich als dieser Position nicht w\u00fcrdig erwiesen haben).<br \/>\nDie Vize-Kaptains k\u00f6nnen dann wie der Team-Chef selbst Team- und Fahrzeugdaten pflegen, Bilder hochladen etc.<br \/>\nSie k\u00f6nnen nur NICHT den Team-Chef rauskegeln, wenn hier ein \u201ePutsch\u201c gew\u00fcnscht ist, muss wie im richtigen Leben der Team-Chef abdanken (\u201ezur\u00fccktreten\u201c) und kann dann einen neuen Team-Chef bestimmen. Toll, oder?<\/p>\n<h2>6. E-Mail-Empfang, SPAM-Problematik<\/h2>\n<p>Hin und wieder taucht das Thema auf, dass Mitglieder E-Mails nicht erhalten haben. Das kann ggf. an zu strengen SPAM-Filter-Einstellungen liegen. Bitte pr\u00fcft auf jeden Fall in euren Mail-Einstellungen, dass Ihr Mails von \u201eallgaeu-orient.de\u201c wohlwollend empfangen wollt (sonst verpasst Ihr ja solch wichtige Infos wie dieses Rundmail!).<\/p>\n<h2>7. Einstellen von Presse-Infos etc.<\/h2>\n<p>F\u00fcr die vielen tollen Funktionen haben wir einiges programmieren m\u00fcssen, deshalb ist die M\u00f6glichkeit f\u00fcr die Teams, Presse-Infos hochzuladen, leider \u201ehinten runter\u201c gefallen, das diese Funktion bisher eigentlich so gut wie nicht verwendet wurde. Das haben wir falsch eingesch\u00e4tzt, wir werden diese Funktion schnellstm\u00f6glich wieder zur Verf\u00fcgung stellen.<\/p>\n<h2>8. Abschlie\u00dfende Worte<\/h2>\n<p>Diese oben erw\u00e4hnten neuen Funktionen haben bei einigen Rallye-Teilnehmern zur Verwirrung und Problemen gef\u00fchrt. Das tut uns sehr leid, das war keine b\u00f6se Absicht. Da aber die meisten Teilnehmer gut damit zurecht gekommen sind, best\u00e4rkt uns in der Annahme, dass wir nicht alles verkehrt gemacht haben, sondern manche Funktionen nicht verst\u00e4ndlich genug umgesetzt wurden. Um es positiv zu sehen: Im Hinblick auf die Rallye und die Euch bevorstehenden Abenteuer (Ihr wollt schlie\u00dflich nicht mit dem ICE nach M\u00fcnchen fahren) war die Umstellung der Webseite f\u00fcr manche eine knifflige Aufgabe. Aber seid gewiss, Euch stehen weit kniffligere Aufgaben auf der Rallye bevor, da war das Thema Login wie man so sch\u00f6n sagt \u201ePonyhof\u201c. Bitte versucht doch zuk\u00fcnftig erste Fragen vielleicht innerhalb des Teams zu l\u00f6sen oder vielleicht befreundete Teams zu fragen, bevor Ihr das OK oder das Web-Headquarter l\u00f6chert, denn diese Team-Arbeit wird Euch auf der Rallye sehr n\u00fctzlich sein. Ich nehme an, dass Wilfried Gehr nicht den ganzen Tag Zeit hat Euch zu helfen, wenn Euch in der S\u00fcdt\u00fcrkey der Sprit ausgeht. In diesem Sinne w\u00fcnscht Euch das Web-Headquarter viel Erfolg und steht Euch trotz des kleinen Seitenhiebs weiterhin gerne, soweit wir k\u00f6nnen, mit Rat und Tat zur Seite!<br \/>\nWAS GANZ WICHTIGES ZUM SCHLUSS, ich hoffe, Ihr k\u00f6nnt noch:<\/p>\n<h2>9. Klarheit \u00fcber Verwendung der Gelder aus Rallyewagen<\/h2>\n<p>Partner ist die DREAM Hakeem Olajuwon!<br \/>\nDie DREAM FOUNDATION des fr\u00fcheren NBA Basketballstars HAKEEM OLAJUWON ist Partner der ALLG\u00c4U-ORIENT-RALLYE 2013 in Jordanien.<br \/>\nDiese Organisation bekommt die Gelder aus der Verwertung der Rallyewagen. M\u00f6glicherweise wird der gro\u00dfe NBA Star auch bei der Rallye Siegerehrung dabei sein.<br \/>\nWir haben uns f\u00fcr Hakeem Olajuwon s Foundation entschieden, weil da die Gelder dort ankommen, wo man sie braucht.<br \/>\nWeitere Infos folgen.\u00a0 FREUT EUCH!<br \/>\nWir sind derzeit dabei ein unerwartetes Problem zu l\u00f6sen. Ausgerechnet die Republik Zypern (griech. Zypern) macht uns Stress wegen Grenz\u00fcberschreitung von Nordzypern aus. SOLLEN DIE SICH DOCH UM IHRE FINANZEN K\u00dcMMERN!<\/p>\n<p>Viele Gr\u00fc\u00dfe aus Stuttgart und Oberstaufen,<br \/>\nGunter &amp; das Web-Headquarter von IMIA, Wilfried und das OK.<\/p>\n<div class=\"fcbkbttn_buttons_block\" id=\"fcbkbttn_left\"><div class=\"fcbkbttn_like \"><fb:like href=\"https:\/\/orient.scuderiagrischa.ch\/wordpress\/?page_id=1032\" action=\"like\" colorscheme=\"light\" layout=\"button_count\"  size=\"small\"><\/fb:like><\/div><\/div>","protected":false},"excerpt":{"rendered":"<p>Hallo liebe Rallyeteilnehmerinnen und Rallyeteilnehmer, seit der Umstellung auf die neue Webseite haben einige Rallye-Teilnehmer Probleme mit Login, Verwaltung der pers\u00f6nlichen Daten und der Fahrzeugdaten. Deshalb gibt es heute dazu ein Rundmail, der diese Schwierigkeiten aus der Welt schaffen soll. 1. Login Der Button f\u00fcr das Login befindet sich auf der neuen Webseite rechts oben &hellip; <a class=\"read-excerpt\" href=\"https:\/\/orient.scuderiagrischa.ch\/wordpress\/?page_id=1032\">Weiterlesen <span class=\"meta-nav\">&raquo;<\/span><\/a><\/p>\n","protected":false},"author":2,"featured_media":0,"parent":18,"menu_order":12,"comment_status":"closed","ping_status":"closed","template":"","meta":[],"_links":{"self":[{"href":"https:\/\/orient.scuderiagrischa.ch\/wordpress\/index.php?rest_route=\/wp\/v2\/pages\/1032"}],"collection":[{"href":"https:\/\/orient.scuderiagrischa.ch\/wordpress\/index.php?rest_route=\/wp\/v2\/pages"}],"about":[{"href":"https:\/\/orient.scuderiagrischa.ch\/wordpress\/index.php?rest_route=\/wp\/v2\/types\/page"}],"author":[{"embeddable":true,"href":"https:\/\/orient.scuderiagrischa.ch\/wordpress\/index.php?rest_route=\/wp\/v2\/users\/2"}],"replies":[{"embeddable":true,"href":"https:\/\/orient.scuderiagrischa.ch\/wordpress\/index.php?rest_route=%2Fwp%2Fv2%2Fcomments&post=1032"}],"version-history":[{"count":3,"href":"https:\/\/orient.scuderiagrischa.ch\/wordpress\/index.php?rest_route=\/wp\/v2\/pages\/1032\/revisions"}],"predecessor-version":[{"id":1035,"href":"https:\/\/orient.scuderiagrischa.ch\/wordpress\/index.php?rest_route=\/wp\/v2\/pages\/1032\/revisions\/1035"}],"up":[{"embeddable":true,"href":"https:\/\/orient.scuderiagrischa.ch\/wordpress\/index.php?rest_route=\/wp\/v2\/pages\/18"}],"wp:attachment":[{"href":"https:\/\/orient.scuderiagrischa.ch\/wordpress\/index.php?rest_route=%2Fwp%2Fv2%2Fmedia&parent=1032"}],"curies":[{"name":"wp","href":"https:\/\/api.w.org\/{rel}","templated":true}]}}