{"id":496,"date":"2012-12-01T10:02:26","date_gmt":"2012-12-01T09:02:26","guid":{"rendered":"http:\/\/orient.scuderiagrischa.ch\/wordpress\/?page_id=496"},"modified":"2012-12-01T10:06:10","modified_gmt":"2012-12-01T09:06:10","slug":"3-rundmail-an-rallyeteams-2013","status":"publish","type":"page","link":"https:\/\/orient.scuderiagrischa.ch\/wordpress\/?page_id=496","title":{"rendered":"3. Rundmail an Rallyeteams 2013"},"content":{"rendered":"<p>&nbsp;<\/p>\n<table style=\"width: 100%;\" border=\"0\" cellspacing=\"0\" cellpadding=\"0\">\n<tbody>\n<tr>\n<td>\n<div align=\"center\"><\/div>\n<p align=\"center\"><a href=\"http:\/\/orient.scuderiagrischa.ch\/wordpress\/wp-content\/uploads\/2012\/12\/allgaeu-orient-logo.jpg\"><img loading=\"lazy\" class=\"size-full wp-image-497 alignnone\" title=\"allgaeu-orient logo\" src=\"http:\/\/orient.scuderiagrischa.ch\/wordpress\/wp-content\/uploads\/2012\/12\/allgaeu-orient-logo.jpg\" alt=\"\" width=\"700\" height=\"133\" srcset=\"https:\/\/orient.scuderiagrischa.ch\/wordpress\/wp-content\/uploads\/2012\/12\/allgaeu-orient-logo.jpg 700w, https:\/\/orient.scuderiagrischa.ch\/wordpress\/wp-content\/uploads\/2012\/12\/allgaeu-orient-logo-300x57.jpg 300w, https:\/\/orient.scuderiagrischa.ch\/wordpress\/wp-content\/uploads\/2012\/12\/allgaeu-orient-logo-680x130.jpg 680w\" sizes=\"(max-width: 700px) 100vw, 700px\" \/><\/a><\/p>\n<div align=\"center\">\n<table style=\"width: 700px;\" border=\"0\" cellspacing=\"0\" cellpadding=\"0\">\n<tbody>\n<tr>\n<td width=\"10\"><\/td>\n<td valign=\"top\">\n<table style=\"width: 680px;\" border=\"0\" cellspacing=\"0\" cellpadding=\"0\">\n<tbody>\n<tr>\n<td>\n<h1><\/h1>\n<\/td>\n<td>\n<p align=\"right\">Dienstag, 27. November 2012<\/p>\n<\/td>\n<\/tr>\n<tr>\n<td colspan=\"2\">\u00a0<a href=\"http:\/\/newsletter.allgaeu-orient.de\/index.php?id=13&amp;rid=t_5622&amp;mid=15&amp;aC=247d12ce&amp;jumpurl=0\" target=\"_blank\">http:\/\/newsletter.allgaeu-orient.de\/index.php?id=13<\/a><\/td>\n<\/tr>\n<\/tbody>\n<\/table>\n<p>&nbsp;<\/p>\n<table style=\"width: 680px;\" border=\"0\" cellspacing=\"0\" cellpadding=\"0\">\n<tbody>\n<tr>\n<td>\n<h1>Liebe Rallyeteilnehmerinnen und Rallyeteilnehmer,<\/h1>\n<p>zu Recht fragt Ihr, was denn los ist, dass auf der Homepage derzeit fast nichts l\u00e4uft und was denn nun mit dem Rallyeziel wegen den Unruhen im Mittleren Osten passiert.<\/p>\n<p>Also:<\/p>\n<p>Unsere Homepage ist \u00fcber die vergangenen Jahre so nach und nach gewachsen und hat die Handschrift des langj\u00e4hrigen Webmasters. Der hat sich vor geraumer zeit zur\u00fcckgezogen. F\u00fcr jeden neuen Webmaster ist es schwierig, sich in gewachsenen Werken zurechtzufinden. Daher haben wir uns entschlossen, gemeinsam mit der Firma IMIA eine neue Homepage nach den aktuellsten Erkenntnissen zu erstellen. Imia sind auch \u00a0&#8220;die Macher&#8221; des im vergangenen Jahr bei der Rallye erprobten &#8220;Verfolgungssystems&#8221;, bei dem Eure Angeh\u00f6rigen fast live verfolgen k\u00f6nnen, wo Ihr Euch gerade befindet.<\/p>\n<p>Das Ganze ist sehr aufw\u00e4ndig und dauert seine Zeit, weil es &#8220;was gscheits&#8221; werden soll. IMIA will die neue Seite aber im Februar fertig haben.<\/p>\n<p>Bis dahin l\u00e4uft die Seite &#8220;auf Sparflamme&#8221;.<\/p>\n<p>Wir werden \u00fcber die wichtigen Dinge die Teams per Rundmail informieren.<\/p>\n<h1>Rallyeziel 2013<\/h1>\n<p>Wo das Rallyeziel 2013 nun endg\u00fcltig sein wird, k\u00f6nnen wir wegen der un\u00fcbersichtlichen Situation wirklich im Moment nicht sagen.<\/p>\n<p><strong>PRIORIT\u00c4T HAT ABER IMMER EURE UND UNSERE SICHERHEIT!!!!! WIR GEHEN KEINE RISIKEN EIN UND WERDEN NAT\u00dcRLICH NICHT DORTHIN FAHREN, WO ES NICHT SICHER IST.\u00a0<\/strong><\/p>\n<p><strong>Nach diesem Grundsatz haben wir immer gearbeitet und werden es auch k\u00fcnftig tun. Bisher haben wir alle Rallyeteilnehmer<\/strong> (bis auf geheilte Verletzungen bei zwei Unf\u00e4llen, f\u00fcr die wir Organisatoren nichts k\u00f6nnen) ) <strong>heil heim gebracht. So soll es auch k\u00fcnftig bleiben!!!!<\/strong><\/p>\n<p>Also klar ist bisher:<\/p>\n<p>Die Allg\u00e4u-Orient-Rallye wird wie gewohnt in Oberstaufen starten. In Istanbul wird es auf dem Platz zwischen Agia Sofia und der Blauen Moschee ein 3-t\u00e4giges Fahrerlager geben. Danach geht es in sichere und fantastische Gegenden bis zum Berg Agri (Berg Ararat) und \u00fcber Ankara nach Mersin. Von dort oder einen Nachbarhafen geht es dann nach Nord-Zypern.<\/p>\n<p>Wir erfahren dank Nadir Serin und dem vorbildlichen Verhalten der Rallyeteilnehmer in den vergangenen Jahren eine fantastische Unterst\u00fctzung von der T\u00fcrkei und Nord Zypern. DANKE!!!<\/p>\n<p>Wenn der Mittlere Osten bis dahin weiter unsicher ist, endet dort auf Zypern die Rallye und wir fliegen zur Siegerehrung in die W\u00fcste Jordaniens.<\/p>\n<p>Wenn bis dahin in Israel alles wirklich sicher ist und wir bis dahin alle Formalit\u00e4ten gekl\u00e4rt haben, werden wir von Nord-Zypern \u00fcber die erste eigentlich sehr geschlossene Grenze ins griechische Zypern fahren (Genehmigung und Zusage liegen uns vor) und dann die Autos mit der F\u00e4hre nach Israel fahren. Ob die Teilnehmer mit dem Schiff oder dem Flugzeug nach Israel kommen, muss noch gekl\u00e4rt werden. Dann geht es nach bisherigen Planungen wohl von Haifa aus (als erste Sportveranstaltung \u00fcberhaupt!!!) via Bethlehem, Jerusalem nach Amman oder Aquaba. Aber wie gasagt: NUR WENN ALLES SICHER IST!!!<\/p>\n<p>Au\u00dferdem pr\u00fcfen wir noch die Optionen, ob ein Autotransport nach Port Said oder Aquaba m\u00f6glich und finanzierbar ist. (Rallyeteilnehmer w\u00fcrden dann immer von Zypern aus zum Auto fliegen). Sollte es in Syrien doch noch Frieden geben, ist dies nat\u00fcrlich auch noch eine Option.<\/p>\n<p>Wir werden bis Weihnachten sehen! Aber wie gesagt: <strong>Wir riskieren nichts!!!!<\/strong><\/p>\n<p>Nun noch was zu den Kosten. Es kursieren im Internet unglaubliche Zahlen \u00fcber den ben\u00f6tigten Finanzrahmen. Leute, das ist Quatsch. Unsere auf der Homepage dargelegten Zahlen sind realistisch.<\/p>\n<p><strong>So, nun w\u00fcnschen wir Euch eine sch\u00f6ne Vorweihnachtszeit und freut Euch auf die Rallye!!!<\/strong><\/p>\n<p>Wilfried und das OK<\/td>\n<\/tr>\n<\/tbody>\n<\/table>\n<\/td>\n<td width=\"10\"><\/td>\n<\/tr>\n<\/tbody>\n<\/table>\n<\/div>\n<div align=\"center\"><\/div>\n<\/td>\n<\/tr>\n<\/tbody>\n<\/table>\n<p>&nbsp;<\/p>\n<div class=\"fcbkbttn_buttons_block\" id=\"fcbkbttn_left\"><div class=\"fcbkbttn_like \"><fb:like href=\"https:\/\/orient.scuderiagrischa.ch\/wordpress\/?page_id=496\" action=\"like\" colorscheme=\"light\" layout=\"button_count\"  size=\"small\"><\/fb:like><\/div><\/div>","protected":false},"excerpt":{"rendered":"<p>&nbsp; Dienstag, 27. November 2012 \u00a0http:\/\/newsletter.allgaeu-orient.de\/index.php?id=13 &nbsp; Liebe Rallyeteilnehmerinnen und Rallyeteilnehmer, zu Recht fragt Ihr, was denn los ist, dass auf der Homepage derzeit fast nichts l\u00e4uft und was denn nun mit dem Rallyeziel wegen den Unruhen im Mittleren Osten passiert. Also: Unsere Homepage ist \u00fcber die vergangenen Jahre so nach und nach gewachsen und &hellip; <a class=\"read-excerpt\" href=\"https:\/\/orient.scuderiagrischa.ch\/wordpress\/?page_id=496\">Weiterlesen <span class=\"meta-nav\">&raquo;<\/span><\/a><\/p>\n","protected":false},"author":1,"featured_media":0,"parent":18,"menu_order":3,"comment_status":"open","ping_status":"open","template":"","meta":[],"_links":{"self":[{"href":"https:\/\/orient.scuderiagrischa.ch\/wordpress\/index.php?rest_route=\/wp\/v2\/pages\/496"}],"collection":[{"href":"https:\/\/orient.scuderiagrischa.ch\/wordpress\/index.php?rest_route=\/wp\/v2\/pages"}],"about":[{"href":"https:\/\/orient.scuderiagrischa.ch\/wordpress\/index.php?rest_route=\/wp\/v2\/types\/page"}],"author":[{"embeddable":true,"href":"https:\/\/orient.scuderiagrischa.ch\/wordpress\/index.php?rest_route=\/wp\/v2\/users\/1"}],"replies":[{"embeddable":true,"href":"https:\/\/orient.scuderiagrischa.ch\/wordpress\/index.php?rest_route=%2Fwp%2Fv2%2Fcomments&post=496"}],"version-history":[{"count":4,"href":"https:\/\/orient.scuderiagrischa.ch\/wordpress\/index.php?rest_route=\/wp\/v2\/pages\/496\/revisions"}],"predecessor-version":[{"id":500,"href":"https:\/\/orient.scuderiagrischa.ch\/wordpress\/index.php?rest_route=\/wp\/v2\/pages\/496\/revisions\/500"}],"up":[{"embeddable":true,"href":"https:\/\/orient.scuderiagrischa.ch\/wordpress\/index.php?rest_route=\/wp\/v2\/pages\/18"}],"wp:attachment":[{"href":"https:\/\/orient.scuderiagrischa.ch\/wordpress\/index.php?rest_route=%2Fwp%2Fv2%2Fmedia&parent=496"}],"curies":[{"name":"wp","href":"https:\/\/api.w.org\/{rel}","templated":true}]}}